{"id":20,"date":"2026-03-03T07:55:10","date_gmt":"2026-03-03T06:55:10","guid":{"rendered":"https:\/\/smartgartenkit-winf.gbsl.website\/?page_id=20"},"modified":"2026-03-27T18:40:59","modified_gmt":"2026-03-27T17:40:59","slug":"about","status":"publish","type":"page","link":"https:\/\/smartgartenkit-winf.gbsl.website\/index.php\/about\/","title":{"rendered":"\u00dcber uns"},"content":{"rendered":"\n<div class=\"wp-block-cover alignfull\" style=\"min-height:320px;aspect-ratio:unset;\"><span aria-hidden=\"true\" class=\"wp-block-cover__background has-nv-site-bg-background-color has-background-dim-100 has-background-dim\"><\/span><div class=\"wp-block-cover__inner-container is-layout-flow wp-block-cover-is-layout-flow\">\n<div class=\"wp-block-group\" style=\"padding-right:var(--wp--preset--spacing--30);padding-left:var(--wp--preset--spacing--30)\"><div class=\"wp-block-group__inner-container is-layout-flow wp-block-group-is-layout-flow\">\n<h1 class=\"wp-block-heading has-text-align-left has-neve-text-color-color has-text-color\">\u00dcber uns<\/h1>\n<\/div><\/div>\n<\/div><\/div>\n\n\n\n<div class=\"wp-block-cover alignfull\" style=\"min-height:600px;aspect-ratio:unset;\"><span aria-hidden=\"true\" class=\"wp-block-cover__background has-nv-light-bg-background-color has-background-dim-100 has-background-dim\"><\/span><div class=\"wp-block-cover__inner-container is-layout-flow wp-block-cover-is-layout-flow\">\n<div class=\"wp-block-group\"><div class=\"wp-block-group__inner-container is-layout-flow wp-block-group-is-layout-flow\">\n<div style=\"height:80px\" aria-hidden=\"true\" class=\"wp-block-spacer\"><\/div>\n\n\n\n<div class=\"wp-block-columns are-vertically-aligned-center has-neve-text-color-color has-text-color is-layout-flex wp-container-core-columns-is-layout-9d6595d7 wp-block-columns-is-layout-flex\">\n<div class=\"wp-block-column is-vertically-aligned-center is-layout-flow wp-block-column-is-layout-flow\" style=\"padding-right:var(--wp--preset--spacing--30);padding-left:var(--wp--preset--spacing--30);flex-basis:50%\">\n<figure class=\"wp-block-image size-full has-custom-border\"><img loading=\"lazy\" decoding=\"async\" width=\"929\" height=\"589\" src=\"https:\/\/smartgartenkit-winf.gbsl.website\/wp-content\/uploads\/2026\/03\/Screenshot-2026-03-27-183506.jpeg\" alt=\"\" class=\"wp-image-205\" style=\"border-radius:16px\" srcset=\"https:\/\/smartgartenkit-winf.gbsl.website\/wp-content\/uploads\/2026\/03\/Screenshot-2026-03-27-183506.jpeg 929w, https:\/\/smartgartenkit-winf.gbsl.website\/wp-content\/uploads\/2026\/03\/Screenshot-2026-03-27-183506-300x190.jpeg 300w, https:\/\/smartgartenkit-winf.gbsl.website\/wp-content\/uploads\/2026\/03\/Screenshot-2026-03-27-183506-768x487.jpeg 768w\" sizes=\"auto, (max-width: 929px) 100vw, 929px\" \/><\/figure>\n<\/div>\n\n\n\n<div class=\"wp-block-column is-vertically-aligned-center is-layout-flow wp-block-column-is-layout-flow\" style=\"padding-top:0;padding-right:var(--wp--preset--spacing--30);padding-bottom:0;padding-left:var(--wp--preset--spacing--30);flex-basis:50%\">\n<h2 class=\"wp-block-heading has-neve-text-color-color has-text-color\">Willkommen bei Smart Garten Kit!<\/h2>\n\n\n\n<p class=\"has-neve-text-color-color has-text-color\">Wir sind ein innovatives, fiktives Projekt, das im Rahmen eines Schulprojekts entstanden ist. Unsere Vision ist es, modernes G\u00e4rtnern mit intelligenter Technologie zu verbinden und den Garten der Zukunft zug\u00e4nglich zu machen \u2013 einfach, effizient und nachhaltig.<\/p>\n\n\n\n<p class=\"has-neve-text-color-color has-text-color\">Smart Garten Kit steht f\u00fcr kreative Ideen rund um smarte L\u00f6sungen im Gartenbereich. Im Mittelpunkt stehen dabei Funktionalit\u00e4t, Benutzerfreundlichkeit und ein klar strukturiertes Konzept.<\/p>\n<\/div>\n<\/div>\n\n\n\n<div style=\"height:40px\" aria-hidden=\"true\" class=\"wp-block-spacer\"><\/div>\n<\/div><\/div>\n<\/div><\/div>\n\n\n\n<div class=\"wp-block-cover alignfull\" style=\"min-height:600px;aspect-ratio:unset;\"><span aria-hidden=\"true\" class=\"wp-block-cover__background has-nv-dark-bg-background-color has-background-dim-100 has-background-dim\"><\/span><div class=\"wp-block-cover__inner-container is-layout-flow wp-block-cover-is-layout-flow\">\n<div class=\"wp-block-group\"><div class=\"wp-block-group__inner-container is-layout-flow wp-block-group-is-layout-flow\">\n<div style=\"height:80px\" aria-hidden=\"true\" class=\"wp-block-spacer\"><\/div>\n\n\n\n<div class=\"wp-block-columns are-vertically-aligned-center is-layout-flex wp-container-core-columns-is-layout-9d6595d7 wp-block-columns-is-layout-flex\">\n<div class=\"wp-block-column is-vertically-aligned-center is-layout-flow wp-block-column-is-layout-flow\" style=\"padding-right:var(--wp--preset--spacing--30);padding-left:var(--wp--preset--spacing--30);flex-basis:50%\">\n<h2 class=\"wp-block-heading has-nv-text-dark-bg-color has-text-color\"><strong>Wichtiger Hinweis:<\/strong><\/h2>\n\n\n\n<p class=\"has-nv-text-dark-bg-color has-text-color\">Alle Inhalte dieser Webseite \u2013 einschliesslich Texte und Bilder \u2013 wurden mithilfe von K\u00fcnstlicher Intelligenz erstellt. S\u00e4mtliche KI-generierten Inhalte wurden von Smart Garten Kit erstellt und \u00fcberpr\u00fcft.<\/p>\n\n\n\n<p class=\"has-nv-text-dark-bg-color has-text-color\">Diese Webseite dient <strong>ausschliesslich Bildungszwecken<\/strong> und ist Teil eines Schulprojekts. Es handelt sich <strong>nicht um eine kommerzielle Plattform<\/strong>, und alle dargestellten Produkte sind <strong>rein fiktiv<\/strong>.<\/p>\n\n\n\n<div style=\"height:20px\" aria-hidden=\"true\" class=\"wp-block-spacer\"><\/div>\n\n\n\n<div style=\"height:20px\" aria-hidden=\"true\" class=\"wp-block-spacer\"><\/div>\n<\/div>\n\n\n\n<div class=\"wp-block-column is-vertically-aligned-center is-layout-flow wp-block-column-is-layout-flow\" style=\"padding-right:var(--wp--preset--spacing--30);padding-left:var(--wp--preset--spacing--30);flex-basis:50%\">\n<figure class=\"wp-block-image size-full\"><img loading=\"lazy\" decoding=\"async\" width=\"1024\" height=\"616\" src=\"https:\/\/smartgartenkit-winf.gbsl.website\/wp-content\/uploads\/2026\/03\/Media-1.jpg\" alt=\"\" class=\"wp-image-207\" srcset=\"https:\/\/smartgartenkit-winf.gbsl.website\/wp-content\/uploads\/2026\/03\/Media-1.jpg 1024w, https:\/\/smartgartenkit-winf.gbsl.website\/wp-content\/uploads\/2026\/03\/Media-1-300x180.jpg 300w, https:\/\/smartgartenkit-winf.gbsl.website\/wp-content\/uploads\/2026\/03\/Media-1-768x462.jpg 768w\" sizes=\"auto, (max-width: 1024px) 100vw, 1024px\" \/><\/figure>\n<\/div>\n<\/div>\n\n\n\n<div style=\"height:40px\" aria-hidden=\"true\" class=\"wp-block-spacer\"><\/div>\n<\/div><\/div>\n<\/div><\/div>\n","protected":false},"excerpt":{"rendered":"","protected":false},"author":1,"featured_media":0,"parent":0,"menu_order":0,"comment_status":"closed","ping_status":"closed","template":"","meta":{"neve_meta_sidebar":"","neve_meta_container":"","neve_meta_enable_content_width":"on","neve_meta_content_width":100,"neve_meta_title_alignment":"","neve_meta_author_avatar":"","neve_post_elements_order":"","neve_meta_disable_header":"","neve_meta_disable_footer":"","neve_meta_disable_title":"on","footnotes":""},"class_list":["post-20","page","type-page","status-publish","hentry"],"_links":{"self":[{"href":"https:\/\/smartgartenkit-winf.gbsl.website\/index.php\/wp-json\/wp\/v2\/pages\/20","targetHints":{"allow":["GET"]}}],"collection":[{"href":"https:\/\/smartgartenkit-winf.gbsl.website\/index.php\/wp-json\/wp\/v2\/pages"}],"about":[{"href":"https:\/\/smartgartenkit-winf.gbsl.website\/index.php\/wp-json\/wp\/v2\/types\/page"}],"author":[{"embeddable":true,"href":"https:\/\/smartgartenkit-winf.gbsl.website\/index.php\/wp-json\/wp\/v2\/users\/1"}],"replies":[{"embeddable":true,"href":"https:\/\/smartgartenkit-winf.gbsl.website\/index.php\/wp-json\/wp\/v2\/comments?post=20"}],"version-history":[{"count":5,"href":"https:\/\/smartgartenkit-winf.gbsl.website\/index.php\/wp-json\/wp\/v2\/pages\/20\/revisions"}],"predecessor-version":[{"id":208,"href":"https:\/\/smartgartenkit-winf.gbsl.website\/index.php\/wp-json\/wp\/v2\/pages\/20\/revisions\/208"}],"wp:attachment":[{"href":"https:\/\/smartgartenkit-winf.gbsl.website\/index.php\/wp-json\/wp\/v2\/media?parent=20"}],"curies":[{"name":"wp","href":"https:\/\/api.w.org\/{rel}","templated":true}]}}